t o = -54 + 117. Let w(f) = -f**3 + 4*f**2 + 8*f - 6. Let s be w(5). Calculate the greatest common divisor of s and o.
9
Suppose 0 = -3*a + a. Suppose 2*p - 6*p + 576 = a. Calculate the highest common divisor of p and 18.
18
Suppose -31 = -2*w - 3*d, -d = -3*d + 6. Calculate the greatest common divisor of 77 and w.
11
Suppose 0*r + 69 = 3*r. Let a = 40 - r. Let d(q) = -29*q - 2. Let m be d(-3). Calculate the highest common factor of m and a.
17
Suppose 257 = 7*g + 47. Suppose 6*r - r - 75 = 0. Calculate the greatest common divisor of g and r.
15
Let d = 18 - 13. Suppose -3 = 5*i - 228. Calculate the greatest common divisor of d and i.
5
Suppose -4*z = -r - 583, 5*r = 5*z - 6*z + 172. What is the highest common divisor of 21 and z?
21
Let c(j) be the third derivative of 7*j**4/24 - 5*j**2. Let s be c(7). Calculate the highest common factor of 7 and s.
7
Suppose 5*h + 8 = -2. Let j be h/(-8) + (-558)/(-8). Suppose -14 = -i - 3*n, 0*i - 2*n + j = 5*i. Calculate the highest common divisor of 154 and i.
14
Let k(m) = m**3 - 8*m**2 + 3*m + 7. Let s be k(8). Suppose 1 = 2*q - s. Calculate the greatest common divisor of q and 144.
16
Let w be (-4)/((-8)/6) + 81. Suppose h = 5*h - w. Calculate the highest common divisor of 21 and h.
21
Let r be 1 + (2 - 2) - -17. Let a be 38/5 + r/(-30). What is the greatest common divisor of a and 7?
7
Let h(g) = 5 - 1 - 2*g**2 + 4*g**2 - 6*g + 0. Let l be h(5). What is the highest common divisor of 16 and l?
8
Suppose 3*r = -8*r + 374. Let z be (-2 - -1)/(1/(-6)). Suppose -z*g + g = -425. Calculate the greatest common divisor of g and r.
17
Let v(k) = -k**3 - 4*k**2 + 4*k + 1. Let p be v(-5). Calculate the greatest common factor of 6 and p.
6
Let u be (-8)/(-2) - (-2 + -19). What is the highest common divisor of 10 and u?
5
Let a(f) = 4*f**3 + f**2 + f + 1. Let t be a(-1). Let y be 13 + 0 + t/3. Calculate the greatest common factor of 8 and y.
4
Let z = -19 - -28. What is the highest common factor of 45 and z?
9
Suppose 2*n - 3*u = 5*n + 549, -n + 3*u = 203. Let k be n/(-8) - (-1)/(-2). Let b be k*3 - (-2 + 1). What is the greatest common factor of 14 and b?
14
Let f(b) = 2*b. Let s be f(2). Suppose n - s*n = -72. Calculate the highest common divisor of n and 12.
12
Let x be (8/12)/((-2)/84). Let p = -14 - x. Suppose h + 2*o = 27 + 9, -88 = -3*h - o. What is the greatest common factor of p and h?
14
Let a be (-1)/((-6)/(-24)) - -43. What is the highest common divisor of a and 52?
13
Let s(l) = 5*l**2 - 11*l - 16. Let t(v) = v**2 - 3*v - 4. Let j(f) = 2*s(f) - 9*t(f). Let h be j(-6). Calculate the highest common factor of h and 10.
10
Let f be -15*2*10/(-15). Calculate the greatest common divisor of 5 and f.
5
Let a(d) = d**2 - 2*d + 5. Let x be 60/(-14) - 4/(-14). Let q be x/18 + 258/(-54). Let u be a(q). What is the greatest common factor of u and 5?
5
Let c(x) = x**2 - 3*x + 2. Let y be c(5). Let b = 247 + -217. What is the greatest common factor of b and y?
6
Suppose 0*w + 3*w - 9 = 0. Suppose -w*b + c = -41, -b + 2*c = -0*b - 22. Calculate the greatest common divisor of 12 and b.
12
Suppose 4*j = 2*j + 14. What is the greatest common factor of j and 1?
1
Suppose -6 - 19 = -5*p. Suppose 0 = -3*g - 2 - 1. Let b = 6 + g. What is the highest common divisor of b and p?
5
Let b be ((-1100)/(-12) - 2/(-6)) + -4. Let w = -21 + 29. What is the highest common factor of b and w?
8
Let p be 10/(-4)*(-5 - -1). Let a(r) = 9*r + 3. Let h(d) = -d**2 + 7*d + 11. Let t be h(8). Let n be a(t). Calculate the highest common divisor of p and n.
10
Suppose 3*y + 143 = 4*t + 12, t - 3*y - 26 = 0. Let u = 22 - -1. Suppose 4*m - 48 = -4*q, m + 3*m = q + u. Calculate the highest common divisor of t and m.
7
Let f(d) = -12*d - 2. Let n = 18 - 13. Let z = n - 7. Let g be f(z). What is the highest common divisor of g and 2?
2
Let y(n) = -n**2 + n. Let r be y(3). Let p = r - -4. Let v be ((-1)/(-1))/(p + 3). What is the greatest common factor of v and 4?
1
Let a = 17 + -7. Calculate the highest common factor of a and 20.
10
Suppose 2*v = -4*g - v + 87, -5*v = -25. Let z = -7 + g. Suppose -3*t - 4 + 16 = 0, -2*x - 5*t + 218 = 0. Calculate the greatest common factor of z and x.
11
Let x be 262/10 - 24/(-30). What is the greatest common divisor of 9 and x?
9
Let p be ((-2)/2)/1 - 1. Let b = 0 - p. Calculate the greatest common divisor of b and 18.
2
Let p = -1 + -1. Let d = p + 12. What is the greatest common factor of d and 90?
10
Let k(h) = h - 1. Let y be k(7). Suppose 105 = y*b - b. Let l be (6 - -15)/((-6)/(-4)). Calculate the highest common factor of b and l.
7
Suppose -q + 1 = 0, 3*q + 71 - 2 = -3*y. Let a = 23 + -25. Let u be (y + -1)*a*1. What is the greatest common divisor of 10 and u?
10
Let v(o) = -o**3 - 5*o**2 + 3*o - 4. Let g be v(-6). Calculate the highest common divisor of g and 126.
14
Suppose -4*o - 184 = -548. Let r be (-625)/(-11) + (-2)/(-11). Let q be (r/6 + -3)*2. What is the greatest common divisor of q and o?
13
Let u = -6 - -15. Suppose -u*a + 8*a = -14. Calculate the greatest common divisor of a and 14.
14
Let l = 42 + -30. What is the greatest common factor of l and 156?
12
Let i(q) = -2*q. Let l be i(-2). Let g(u) = -u + 41. Let j be g(13). What is the highest common factor of j and l?
4
Let o(j) = 6*j - 1. Let t be o(1). Let p(v) = 7*v**2 - 2*v - 2. Let z be p(t). Suppose 0 = -5*h + 12 + z. Calculate the greatest common divisor of 5 and h.
5
Suppose 5*m - 26 = -6. Suppose -m = 3*a - 1. Let t be (-119)/(-4) + a/(-4). What is the greatest common divisor of t and 12?
6
Let q(p) = 9*p - 1. Let x be q(1). Calculate the greatest common divisor of x and 88.
8
Suppose 65 = 2*j + i, -8*j - 3*i = -4*j - 135. What is the highest common factor of 6 and j?
6
Let h(t) = -t**3 + 11*t**2 - 10*t + 3. Let y be h(10). Let w = -6 + 9. Calculate the greatest common divisor of w and y.
3
Let l(i) = i**3 + 8*i**2 + 12*i + 4. Let j be l(-6). Calculate the greatest common divisor of 4 and j.
4
Suppose -t + 96 = 4*f + t, 0 = -f + 4*t + 15. Calculate the highest common divisor of f and 69.
23
Let u(v) be the second derivative of 1/20*v**5 + 0 + 4*v**2 + 0*v**3 + 1/12*v**4 - 2*v. Let z be u(0). Calculate the highest common divisor of 8 and z.
8
Suppose -4*s - 4*d = -d - 93, 0 = -5*d + 15. Let v(u) = 64*u - 3. Let x be v(3). What is the highest common factor of x and s?
21
Suppose -10 - 8 = -2*n + 4*t, 2*n = 2*t + 20. Suppose -9*g = -8*g - n. Calculate the greatest common factor of g and 1.
1
Let n(l) = -288*l**3 + l**2 + 3*l + 2. Let q be n(-1). What is the highest common factor of 36 and q?
36
Let a be 2/((-2)/(-5) - 134/360). What is the greatest common factor of a and 6?
6
Let z(r) = -r**2 + 20*r - 5. Let n be z(20). Suppose 5*u = -m + 16, -4*m - 4*u = -27 - 21. Let t = m + n. Calculate the highest common factor of 12 and t.
6
Suppose 3*m + 4*m - 77 = 0. What is the highest common factor of m and 55?
11
Let y = 6 + -4. Suppose y*w = -3*i + 96, -4*i - 2*w = -6*w - 108. Suppose 2*m - 83 = -r, r - 158 = -r - 2*m. What is the highest common factor of r and i?
15
Let p(t) = t**2 - 5*t - 3. Let v be p(5). Let n = -5 - v. Let i be ((-3)/(-9))/(n/(-102)). What is the greatest common divisor of i and 17?
17
Let y = 71 - 43. Let a = -21 - -35. What is the greatest common factor of a and y?
14
Let z be (0/(5 - 3))/1. Let s(y) = -y**3 + y + 9. Let u be s(z). Calculate the greatest common divisor of 81 and u.
9
Suppose -f - 4*f + 20 = 0. Suppose f*x + 27 = -5*u, -x + 4 = 5*u + 22. Let h = u - -18. What is the greatest common divisor of 15 and h?
15
Suppose -4*d - z + 7 = -2*z, 15 = -5*z. Let f be (-1 - d)/(8/(-48)). Calculate the greatest common divisor of f and 6.
6
Let p(y) = -y**3 - 11*y**2 + 26*y + 19. Let o be p(-13). Calculate the greatest common divisor of o and 95.
19
Let b be 24/14 + 2/7. Let q be 4*11 - 4/b. Calculate the greatest common factor of 21 and q.
21
Let h(j) = 2*j. Let w be h(6). Let s be (-8)/(-2)*(-5)/(-10). Let c be -1*(4 - s) - -50. What is the highest common divisor of w and c?
12
Let z = 3 + -6. Let h be z - (111 - -3)/(-2). What is the greatest common divisor of 6 and h?
6
Suppose 0 = 3*x + 5*u - 860, 703 = 3*x + u - 141. What is the greatest common divisor of x and 35?
35
Let f(j) = -j**2 + 7*j + 18. Let w be f(8). Calc